- m - 1. Give p(2).
-3
Let z(t) = t**3 - 8*t**2 + 9*t + 3. What is z(7)?
17
Let x(c) = c**2 - 2*c + 7. Determine x(-5).
42
Let c(g) = g + 35. Give c(-48).
-13
Let d(c) = 21*c - 855. What is d(41)?
6
Let q(r) = -2*r**2 + 86*r - 4. Calculate q(43).
-4
Let g(s) = -s**3 - 14*s**2 + s + 10. Give g(-14).
-4
Let q(g) = 28*g + 88. Calculate q(-7).
-108
Let v(g) = g**2 + g + 4. What is v(3)?
16
Let y(t) = -2*t**2 - 4*t - 6. Determine y(-3).
-12
Let r(g) = g**3 + g**2 - 14*g - 8. Determine r(-4).
0
Let d(p) = p**3 - 2*p**2 - 46. Calculate d(0).
-46
Let s(p) = -p**3 - 12*p**2 + 14*p - 6. Calculate s(-13).
-19
Let x(w) = 2*w**2 + 13*w - 67. Give x(-10).
3
Let x(q) = 11*q + 115. What is x(-11)?
-6
Let u(v) = 4*v**2 - 3*v + 1. Determine u(-3).
46
Let i(y) = y**2 - 21*y + 34. Calculate i(19).
-4
Let c(h) = -34*h**2 - h - 1. What is c(-1)?
-34
Let c(a) = 9*a - 38. Give c(15).
97
Let f(w) = w**2 - 6*w - 214. Determine f(-12).
2
Let b(c) = c**2 - 7*c + 2. What is b(3)?
-10
Let p(i) = 39*i**2 + i + 1. What is p(1)?
41
Let n(w) = -9*w - 258. Calculate n(-29).
3
Let i(p) = 6*p - 5. Calculate i(7).
37
Let z(a) = a**3 + 9*a**2 + a + 3. What is z(-9)?
-6
Let g(b) = b**3 - 11*b**2 + 3*b + 28. Determine g(11).
61
Let j(l) = -3*l**3 - 2*l**2 + 2*l + 2. Calculate j(2).
-26
Let f(y) = -y**3 - 9*y**2 + 6*y + 49. Give f(-9).
-5
Let k(z) = -4*z + 1. What is k(-4)?
17
Let h(f) = 6*f**3 + 3*f**2 + 2*f + 1. Calculate h(-1).
-4
Let x(t) = -t + 2. Calculate x(-9).
11
Let k(z) = -z + 6. What is k(-5)?
11
Let u(h) = -7*h + 41. Determine u(5).
6
Let z(s) = s + 7. Give z(-4).
3
Let l(c) = -c - 16. What is l(-9)?
-7
Let g(a) = -a**3 + 5*a**2 + 5*a. Calculate g(6).
-6
Let k(l) = 36*l + 89. Give k(-3).
-19
Let u(q) = 2*q**3 - 20*q**2 - 3*q + 2. Calculate u(10).
-28
Let f(j) = j**3 - 2*j**2 + 5. What is f(0)?
5
Let j(o) = -4*o + 3. Calculate j(5).
-17
Let b(l) = l**3 - 4*l**2 - 11*l - 10. Give b(6).
-4
Let p(v) = -v**2 - 9*v + 23. What is p(-10)?
13
Let y(z) = -5*z + 41. Give y(11).
-14
Let b(s) = 2*s**2 + 7*s - 4. What is b(-6)?
26
Let f(x) = 7*x + 23. Give f(-5).
-12
Let g(d) = -3*d + 11. What is g(5)?
-4
Let w(t) = -41*t**3 - t**2 + 1. What is w(-1)?
41
Let c(z) = 2*z**2 + 13*z + 12. What is c(5)?
127
Let j(d) = -28*d + 226. What is j(8)?
2
Let v(d) = d + 30. Calculate v(-13).
17
Let i(s) = s - 8. Give i(5).
-3
Let r(w) = 5*w**2 + 4*w + 5. Determine r(-1).
6
Let w(u) = u + 59. Calculate w(-30).
29
Let m(j) = -2*j**2 - 13*j - 3. Calculate m(-7).
-10
Let q(c) = 6*c + 9. What is q(-7)?
-33
Let t(v) = -2*v**2 + 15*v - 13. Give t(6).
5
Let t(k) = -3*k**2 + 44*k - 146. Calculate t(9).
7
Let h(k) = -k**2 - 10*k - 1. Determine h(-9).
8
Let m(s) = 2*s**2 - 11*s + 5. Give m(5).
0
Let c(m) = m + 6. Give c(-20).
-14
Let z(a) = 12*a + 29. Give z(0).
29
Let r(p) = -p**2 + 23*p - 78. Give r(18).
12
Let w(j) = 2*j**3 - j**2 + 3*j - 6. Determine w(2).
12
Let b(j) = -3*j + 22. Give b(9).
-5
Let q(t) = 13*t**2 + 2*t - 1. Give q(3).
122
Let r(b) = -b**2 - 12*b - 36. Determine r(-5).
-1
Let w(x) = -x**2 + 12*x - 17. Determine w(10).
3
Let x(l) = l**2 + 5. Give x(4).
21
Let g(w) = -w - 4. Determine g(0).
-4
Let v(f) = f**3 - 29*f**2 + 31*f - 89. Determine v(28).
-5
Let w(h) = h**2 + 4*h - 14. What is w(3)?
7
Let d(b) = -b**2 + 22*b - 127. Give d(12).
-7
Let t(m) = m**2 - m - 2. What is t(-3)?
10
Let c(l) = -l + 3. Determine c(3).
0
Let z(o) = o - 7. Determine z(7).
0
Let b(s) = s - 16. Determine b(13).
-3
Let d(g) = -2*g**3 - 17*g**2 - 21*g + 5. Calculate d(-7).
5
Let c(g) = -g + 6. Determine c(3).
3
Let l(z) = -z**2 - 5*z + 5. Calculate l(2).
-9
Let l(m) = m**3 - 4*m**2 - m - 4. Give l(5).
16
Let q(k) = -k - 17. Give q(-8).
-9
Let b(u) = -9*u + 42. Determine b(5).
-3
Let c(s) = 2*s - 4. Give c(-6).
-16
Let k(p) = -20*p + 12. What is k(0)?
12
Let y(c) = -c + 27. Determine y(17).
10
Let s(q) = -q**3 - 5*q**2 - 7*q - 7. Give s(-5).
28
Let w(m) = m**2 + 8*m - 6. Determine w(-9).
3
Let k(d) = 43*d + 218. Calculate k(-5).
3
Let n(p) = -p**2 + 12. Calculate n(4).
-4
Let o(x) = -x**3 - 5*x**2 - 9*x + 10. Determine o(-5).
55
Let d(v) = -15*v - 432. What is d(-29)?
3
Let j(s) = s**3 - 8*s**2 - 9*s + 6. Give j(9).
6
Let j(p) = -19*p - 7. Calculate j(-2).
31
Let l(t) = t. Determine l(-4).
-4
Let w(v) = -v**3 + 9*v**2 - 8*v. Determine w(7).
42
Let g(i) = i**2 - i - 1. Calculate g(5).
19
Let i(r) = -11*r - 27. Calculate i(-3).
6
Let q(r) = -37*r + 322. Determine q(7).
63
Let m(s) = s**2 + 5*s + 6. Calculate m(-4).
2
Let h(k) = -k**3 - 7*k**2 - k + 25. Give h(-6).
-5
Let y(h) = h**3 - 15*h**2 - 32*h - 36. Give y(17).
-2
Let w(s) = 10*s + 242. Calculate w(-24).
2
Let u(y) = -2*y**2 - 15*y - 20. Determine u(-8).
-28
Let c(v) = v**3 + 7*v**2 + 10*v + 7. Give c(-7).
-63
Let v(w) = -w**3 - 4*w**2 + 3*w + 8. Determine v(-3).
-10
Let i(x) = -x**3 - 18*x**2 - 13*x + 51. Calculate i(-17).
-17
Let d(x) = x**3 - x**2 - 3*x - 174. Determine d(0).
-174
Let s(o) = -2*o**2 - 4*o. What is s(-3)?
-6
Let y(u) = -u**2 + 10*u - 9. Give y(6).
15
Let b(z) = -30*z + 586. Determine b(19).
16
Let v(n) = 2*n**2 + 2*n - 74. Calculate v(6).
10
Let p(w) = 7*w**2 + 36*w + 14. Give p(-5).
9
Let k(a) = -a**3 + 8*a**2 + 11*a - 24. Calculate k(9).
-6
Let o(u) = u**2 + 4*u - 3. Give o(-4).
-3
Let x(t) = -t**3 + 16*t**2 - 27*t - 24. What is x(14)?
-10
Let h(y) = y**3 + 10*y**2 + 8*y - 52. Determine h(-8).
12
Let y(v) = -2*v**2 + 42*v - 101. What is y(18)?
7
Let o(g) = -3*g**2 - 8*g + 20. What is o(-4)?
4
Let w(a) = a**2 + 6. Give w(2).
10
Let w(g) = -3*g**2 + 61*g - 16. Determine w(20).
4
Let k(t) = t**2 - 33*t - 371. Determine k(42).
7
Let y(m) = 2*m**2 + 30*m - 22. Give y(-16).
10
Let g(x) = x + 4. Give g(-15).
-11
Let l(s) = s**3 + 10*s**2 + 13*s + 14. Determine l(-8).
38
Let j(t) = -t**2 - 8*t + 35. What is j(-11)?
2
Let r(g) = -g**3 - 5*g + 13. What is r(2)?
-5
Let k(g) = -2*g + 9. Give k(0).
9
Let u(p) = -2*p**3 + 30*p**2 + 34*p - 31. Give u(16).
1
Let j(y) = 10*y + 121. Determine j(-12).
1
Let x(k) = -k**2 + 11*k + 16. Calculate x(14).
-26
Let z(f) = f - 13. Calculate z(16).
3
Let q(z) = z**2 - 14*z + 5. Calculate q(13).
-8
Let b(a) = -a**3 + 22*a**2 + 44*a + 94. Calculate b(24).
-2
Let w(z) = 82*z + 492. Determine w(-6).
0
Let v(r) = -2*r**2 + 32*r + 7. What is v(16)?
7
Let u(c) = -119*c - 117. What is u(-1)?
2
Let m(s) = s + 1. What is m(6)?
7
Let i(a) = -a**2 - 46*a + 310. Give i(6).
-2
Let g(f) = f**2 - 12*f + 3. Give g(16).
67
Let h(a) = 13*a**2 + 2*a + 1. Determine h(-1).
12
Let s(y) = 50*y + 385. Give s(-8).
-15
Let k(t) = -t**3 + 19*t**2 - t + 20. What is k(19)?
1
Let t(p) = -2*p**2 - 5*p + 59. Calculate t(4).
7
Let s(z) = -6*z - 10. Give s(3).
-28
Let f(i) = -i**3 - 22*i**2 - 22*i - 28. What is f(-21)?
-7
Let g(a) = 16*a - 5. Give g(2).
27
Let v(d) = d**2 - 10*d + 3. What is v(4)?
-21
Let w(m) = 6*m**2 + 66*m + 2. Determine w(-11).
2
Let h(r) = 6*r + 30. Give h(-7).
-12
Let h(r) = 51*r**3 - 3*r**2 + r + 3. Calculate h(-1).
-52
Let l(n) = -n - 5. Determine l(7).
-12
Let p(f) = f**3 + 9*f**2 - 14*f - 21. Give p(-10).
19
Let s(d) = 4*d - 143. Give s(33).
-11
Let n(u) = u**3 + 15*u**2 - 2*u - 16. What is n(-15)?
14
Let y(m) = -m**3 - 13*m**2 + m + 14. Give y(-13).
1
Let l(r) = 6*r**2 - 2*r - 1. Determine l(-1).
7
Let r(c) = c**2 - 5*c + 13. Calculate r(4).
9
Let v(b) = 2*b + 19. What is v(-13)?
-7
Let w(a) = -4*a + 25. Determine w(-2).
33
Let v(c) = -2*c + 9. Give v(7).
-5
Let a(g) = g + 4. Determine a(-4).
0
Let j(n) = -34*n - 4. Determine j(-2).
64
Let x(z) = z**3 - 8*z**2 - 12*z + 31. Give x(9).
4
Let s(p) = 5*p + 3. Give s(6).
33
Let w(p) = -p**3 + 4*p**2 - 6. Determine w(4).
-6
Let z(h) = h**2 - h - 1. What is z(1)?
-1
Let u(o) = -52*o - 417. Give u(-8).
-1
Let d(m) = 2*m - 35. Determine d(15).
-5
Let y(t) = 31*t + 6. Calculate y(0).
6
Let w(m) = -m**2 + 5*m + 7. Calculate w(8).
-17
Let y(h) = -h**2 - h - 5. Determine y(0).
-5
Let j(b) = -6*b + 5. Calculate j(-2).
17
Let t(o) = -o**3 - 18*o**2 + 3*o + 104. What is t(-18)?
50
Let f(v) = v**2 - 9*v + 3. Calculate f(3).
-15
Let c(y) = -42*y**2 - 2*y + 1. Determine c(1).
-43
Let f(y) = 17*y - 8. Determine f(2).
26
Let t(z) = -z**2 + 15*z + 2. Calculate t(13).
28
Let d(i) = i**3 - 86. Give d(0).
-86
Let j(z) = -z**3 - 4*z**2 + 5*z - 6. Give j(-5).
-6
Let b(n) = n - 4. Calculate b(-2).
-6
